*2 - 94*d - 22. Let y be u(10). Let r(f) = -2*f + 2. Let n be r(-2). What is the greatest common divisor of n and y?
6
Suppose 0 = 7*o - 8*o - 4*w + 55, 16 = 4*w. Let x(r) = r + 24. Suppose u + 8 + 3 = 0. Let c be x(u). What is the highest common divisor of o and c?
13
Let k = -49 + 61. Suppose -11 = -c + 3*x, -65 = -2*c - 2*c + 5*x. Let g be (-1)/5 + 484/c. Calculate the greatest common divisor of g and k.
12
Let y be 10/4*(-2 + -12). Let h = y + 49. Let r = 408 + -387. What is the greatest common factor of r and h?
7
Suppose p + 4*i = 4963, 10585 = 6*p + 2*i - 19237. What is the highest common factor of p and 3?
3
Let z = 85 - 118. Let a = 1 - z. Suppose 0*u + u - b - 21 = 0, 80 = 4*u - 3*b. Calculate the greatest common factor of a and u.
17
Let r be 5 + -7*(-4)/(-28)*-3. Calculate the greatest common divisor of r and 5500.
4
Let h be 18 + (-7854)/442 - (-19130)/26. Suppose -5*g - 40 = -155. Calculate the greatest common factor of h and g.
23
Let d be 2576/483*(-3)/(-2). Calculate the highest common divisor of 296 and d.
8
Let g be -10*(7 + (-301)/35 + 1) + -5. Let o = -17 + 34. Suppose 0 = 5*d - 18 - o. Calculate the greatest common factor of d and g.
1
Let a(g) = 3*g**3 - 7*g**2 + 45*g - 14. Let p be a(10). What is the greatest common divisor of 80 and p?
16
Let y be 180/2 - (-2 - -2). Suppose 0 = -180*a + 19*a + a + 4800. Calculate the highest common factor of y and a.
30
Suppose -21*a + 15*a = 20*a - 3276. Calculate the highest common divisor of a and 2072.
14
Let v be 3/((-3)/4)*-118. Suppose 20 = -4*r, 2*c = -3*r - 25 + v. Suppose -c*p + 280 = -230*p. Calculate the highest common factor of 20 and p.
20
Let n be 104/65 + (-3775083)/(-195). Calculate the greatest common factor of n and 38.
19
Let j be 145 + 7 + -5 + -1. Suppose -10*n + j = -4. Calculate the greatest common divisor of n and 25.
5
Suppose 11*r = 3511 - 3247. Let k(d) = 86*d + 40. Let n be k(4). Calculate the greatest common factor of r and n.
24
Let h(i) = -i**3 + 30*i**2 - 30*i + 174. Let u be h(29). Calculate the highest common factor of u and 2407.
29
Suppose -148 = 4*f - 2*f. Let c = -68 - f. Suppose 0*b + c = b. Calculate the greatest common divisor of b and 18.
6
Let i(r) = -15*r**2 + 328*r + 35. Let y be i(21). Let g(a) = -a**2 - 20*a - 20. Let f be g(-16). What is the greatest common factor of f and y?
44
Suppose i = 19*c - 16*c - 4519, 0 = 4*c - 4*i - 6012. What is the greatest common divisor of 174 and c?
58
Let t = 1090 + -413. Suppose 299 + 210 = 3*l + b, 0 = -4*l - b + t. What is the highest common factor of 48 and l?
24
Suppose -493059 = -111*j - 164097 + 460914. Calculate the highest common divisor of 12 and j.
12
Suppose -5*j = -0*b + b - 18, 5*j = -4*b + 27. Let c be -102*(b/(-6))/1. Calculate the highest common divisor of 459 and c.
51
Suppose 3*z - 2*k = 5*z + 52, -5*z - k - 134 = 0. Let m be (-364)/18 - (33/z - -1). Let y = m + 23. Calculate the greatest common factor of y and 3.
3
Let b(t) = -4*t**2 - t**2 + 545*t**3 + 6*t + 13 - 546*t**3. Let g be b(-6). What is the greatest common factor of 13 and g?
13
Suppose -29*z + 13434 = -26*z - 3*l, -5*l + 20 = 0. Calculate the highest common factor of 332 and z.
166
Suppose -5*w + 8 = 3*w. Suppose 3*q - 14 - w = 0. Suppose 2*n + 4*b = -0*n + 92, -q*b = -3*n + 149. What is the greatest common factor of n and 24?
24
Suppose 0 = -132*r + 1938 - 354. What is the greatest common factor of r and 2094?
6
Let l = 7162 - 7072. Calculate the greatest common factor of 5715 and l.
45
Let z be 45/(-12) + (-2)/8. Let r(y) = -9*y + 22. Let c(l) = l - 1. Let t(s) = z*c(s) + 2*r(s). Let n be t(-6). What is the greatest common factor of n and 20?
20
Suppose 0 = 5*b, 22*w + 12688 = 26*w - 2*b. What is the greatest common factor of w and 104?
52
Let l(c) = -c**3 + 8*c**2 - c + 7. Suppose -5*k + 15 = -25. Let u be l(k). Let a(q) = 2*q**2. Let g be a(u). What is the highest common divisor of g and 14?
2
Suppose 5*n + 13 = 2*n - 4*w, -n + w + 5 = 0. Let j be (-6*(-2)/5)/(n/30). Let m = -66 + j. What is the highest common divisor of m and 18?
6
Suppose -4*w + 12572 = 24*w. Suppose 3*x + 2*x = -4*u + 1761, 3*x = -u + w. Calculate the greatest common divisor of u and 124.
62
Let t be 16/56 - ((-52)/14)/1. Let w(f) = -41*f - t + 76*f + 2 - 33*f + 12*f**2. Let k be w(3). Calculate the greatest common factor of 14 and k.
14
Let p(k) = 67*k - 12. Let r be p(6). Suppose -4*q + 6*q = 0, 4*q - 156 = -3*f. Calculate the highest common divisor of r and f.
26
Suppose 12*f + 30 = 150. Let u(s) = 31*s - 8. Let y be u(7). Let h = y + -139. What is the highest common divisor of h and f?
10
Let y(u) = -u**3 + 8*u**2 - 8*u + 31. Let m be y(7). What is the greatest common factor of m and 6?
6
Suppose -651 = -z + 14*c, -9*z + 5*z + c = -2604. Calculate the highest common divisor of 105 and z.
21
Let i = -118 - -103. Let a(j) = j**3 - 3*j**2 - 4*j - 2. Let x be a(4). Let y be (i/2*x)/((-12)/(-16)). Calculate the greatest common factor of 10 and y.
10
Let p = 53 - 16. Let l = p + -32. Suppose 4*n = -2*m + 296, 3*m = -0*n - l*n + 369. What is the greatest common divisor of 25 and n?
25
Let j = 3 - 5. Let d be 11 + 14 + -31 - 4. Let l be 30/(-9)*36/d + j. What is the highest common factor of 35 and l?
5
Let g(i) = -i**3 - 3*i**2 - 4*i - 6. Suppose 4 = 36*t - 37*t. Let j be g(t). What is the greatest common divisor of j and 26?
26
Let l = 12 + -12. Let u(v) be the third derivative of -v**6/120 - v**5/60 + v**3/2 + 2*v**2. Let a be u(l). What is the highest common factor of a and 3?
3
Suppose -3*d - 21 = -3*y, d - 1 + 10 = 2*y. Suppose 0*x + 5*t = 4*x - 55, 0 = y*t + 6. Let f be -5 + 52 - 14/2. What is the highest common factor of x and f?
10
Let s = -21 + 5. Let f = s - -18. Suppose -f*w + 7*w = 95. Calculate the highest common divisor of w and 76.
19
Let k = 228 - 383. Let b = -83 - k. What is the highest common divisor of 27 and b?
9
Let q be 5 + -5 + (11350/40)/(1/20). Calculate the highest common divisor of q and 25.
25
Suppose 5*v + 23*v - 3360 = 0. Let k be (6/(-16))/((-5)/v). What is the greatest common factor of k and 729?
9
Let c(u) = u**2 - 27*u + 176. Let q be c(16). Suppose -a + z = -103, a + q*z = -3*z + 107. Calculate the highest common divisor of 16 and a.
8
Let u be 2608/72 + (-4)/18. Let j be 2/5 + 148/(-20) + 7. Suppose j = -2*g - 3 + 11. What is the highest common factor of u and g?
4
Let r = 133 - 29. Let y(w) = -2*w**3 - 145*w**2 - 73*w - 59. Let b be y(-72). Calculate the greatest common factor of b and r.
13
Let t be (-1)/((-6030)/(-549) - 11). Calculate the greatest common divisor of 19 and t.
1
Let x be 21/2*(354/42 - 5). Let r be 6800/(-32)*(-3 - x/(-20)). Calculate the greatest common divisor of 34 and r.
17
Suppose f + 163 = 3343 + 2964. What is the highest common factor of 6 and f?
6
Let h = 360 + -360. Suppose 3*p - p = -4*f + 258, h = f + p - 65. Calculate the greatest common divisor of 224 and f.
32
Suppose -4*q - 3 = -3*p - 83, 4*p + 84 = 4*q. Suppose -1936402 + 4610332 = 3210*a. Calculate the highest common factor of a and q.
17
Let y = -3 + 0. Let m be ((-24)/9)/4*y. Suppose -273*r + 12 = -268*r - h, 4*h - 15 = -r. Calculate the greatest common divisor of r and m.
1
Let l(r) = -37*r + 833. Let q be l(21). What is the greatest common divisor of 5404 and q?
28
Suppose -187*o = 176*o - 411642. What is the highest common divisor of o and 2997?
81
Let w(b) = -b + 43. Let x be -3*160/(-24) - (0 - 0). Let d be w(x). Calculate the greatest common divisor of 23 and d.
23
Suppose 4*x - 13 = 59. Suppose 20*s - x*s = 120. What is the greatest common factor of s and 480?
60
Suppose 456 + 674 = 5*r + 5*i, -9*r - 4*i = -2004. What is the greatest common factor of 495 and r?
55
Suppose 3*m + 2*v - 60 = 163, 4*v - 221 = -3*m. Let b(u) = -155*u + 3965. Let r be b(25). What is the highest common factor of m and r?
15
Suppose 0 = -5*n + n + 1092. Suppose 0 = -5*m - 66*j + 71*j + 370, 4*m - 324 = -3*j. What is the greatest common factor of n and m?
39
Let v be -13 + (-3 - (-25 + -2)). Let j = 179 - 298. Let l be j/(-11) - 2/(-11). Calculate the greatest common divisor of v and l.
11
Suppose 35 = o - 5*b, -3*o - 123*b + 128*b = -75. What is the highest common divisor of 745 and o?
5
Let y be 1422/(-12)*(-186)/279. What is the highest comm